 q/7 + 4/(-14).
11
Let l = 298 + -195. Calculate the remainder when l is divided by 26.
25
Suppose -3*o = -0*p - 3*p + 42, 8 = 2*p. Let t = o - -19. What is the remainder when (-2 - (-26 - -1)) + 2 is divided by t?
7
Let w be (-3)/21*-6*-14. Let z be ((-3)/2)/((-9)/w). Calculate the remainder when 29 is divided by -8*2/(-2) - z.
9
Let h be -1 - -4 - (-114)/(-6). Let t = h + 32. What is the remainder when 62 is divided by t?
14
Suppose i - 12 + 2 = 0. Suppose r + 1 = i. What is the remainder when r is divided by 7?
2
Let r = 44 + -18. Calculate the remainder when r is divided by 14.
12
What is the remainder when (3 - -1)/4 + -1 + 25 is divided by 4?
1
Let q(l) = -l**2 - 5*l - 7. Let i be q(-5). Let d = i - -11. Calculate the remainder when -3 - -8 - (0 + -1) is divided by d.
2
Let x = 208 + -108. Calculate the remainder when x is divided by 17.
15
Suppose -2*l = 3*n + 2*l - 65, -2*n = -5*l - 51. Let m = 25 - 13. What is the remainder when n is divided by m?
11
Suppose 2*x - 3*q + 1 - 14 = 0, -5*x - 2*q + 23 = 0. Calculate the remainder when 9 is divided by x.
4
Let m(q) = -60*q + 2. Let v be m(-6). Suppose 5*o - 2*b = 238, 5*o + 117 = -5*b + v. Calculate the remainder when o is divided by 17.
14
Let r(q) = q**3 + 6*q**2 - 10*q - 18. Calculate the remainder when r(-5) is divided by 20.
17
Suppose -c + 26 = -0*g - 5*g, -c + 6 = 5*g. Let k = 20 - 14. Suppose w = k*w - 45. Calculate the remainder when c is divided by w.
7
Let n(m) = -m**2 + 1. Let p = 7 - 6. What is the remainder when n(0) is divided by p?
0
Suppose 6*s - 3 = 5*s. Suppose 4*a = p + 292, -s*a + 2*p + 219 = -3*p. What is the remainder when a is divided by 19?
16
Let o = 12 - -21. Suppose 32*z = 28*z + 72. What is the remainder when o is divided by z?
15
Calculate the remainder when 4 is divided by 40/15 + (-4)/6.
0
Let j = 4 + 55. Suppose 25 = 2*w + 5*t, 4*t + 44 = w + 12. Calculate the remainder when j is divided by w.
19
Let f be -1 - (-1 - -20) - -3. Let b be 2/4*(f + 3). Let k(a) = -a**3 - 7*a**2 - 2*a - 2. Calculate the remainder when 34 is divided by k(b).
10
Suppose 0 = 7*p - 3*p - 64. Let f = 24 - p. Calculate the remainder when f is divided by 3.
2
Let f = 27 - 22. Calculate the remainder when (-1)/(3/(-39)) + -1 is divided by f.
2
Let g = -19 + 43. Calculate the remainder when 46 is divided by g.
22
Suppose 0 = j - 29 + 2. Let b = -16 + j. Calculate the remainder when 18 is divided by b.
7
Suppose -o = s - 101, -5*s = o - 0*o - 485. Let x = s + -49. Suppose 4*z + x = 3*w, -3*z = -5*w + 91 - 9. Calculate the remainder when 32 is divided by w.
15
Calculate the remainder when 7 is divided by (1/(-4))/(12/(-240)).
2
Suppose -a = -5*z + 74, z - 4*z + 4*a + 41 = 0. What is the remainder when 29 is divided by z?
14
Let a = 8 + 14. Let v(t) = 10*t - 7. Let o = 12 - 7. Calculate the remainder when v(o) is divided by a.
21
Suppose 2 = -v + 4. Suppose -v*x + 25 = 5*k, 2*x + 5*k = 5*x. What is the remainder when x is divided by (4/(-5))/((-2)/5)?
1
Let y be (-8)/(-12)*(-3 - 0). Let t be (-133)/2 + 1/y. What is the remainder when 6/(-15) - t/5 is divided by 5?
3
Suppose 2*q = q + 3. Suppose 3*z = -2*w + 131 - 16, -3*w - 135 = -q*z. Calculate the remainder when z is divided by 21.
20
Suppose g = -2*g - 18. Let m = -4 - g. Suppose 0*v - 82 = -m*v. Calculate the remainder when v is divided by 14.
13
Let a(q) = -2*q**3 + 48*q**2 + 2*q + 25. What is the remainder when a(24) is divided by 15?
13
Suppose 1 - 5 = -2*x. Suppose 4*r + x + 4 = -3*z, z = 2*r + 8. What is the remainder when 26 is divided by -2 + (17 - (z - 1))?
12
Let n(d) = 10*d + 6. Calculate the remainder when n(2) is divided by 7.
5
Suppose 118 + 142 = 4*r. Let s = r - 40. What is the remainder when 165/s - (-4)/10 is divided by 4?
3
Suppose 0 = -4*u + 5*c + 28, 4 = -4*u - 2*c - c. Let l = -21 + 19. Let d = l + 4. What is the remainder when u is divided by d?
0
Let o = 9 - 4. What is the remainder when 7 is divided by o?
2
Suppose -23 = -2*d + 5*a, 0 = 5*d - 0*a - a - 92. Suppose 0 = -2*x + d + 25. What is the remainder when x is divided by 4?
2
Let v = 4 - 4. Suppose v*c + 36 = 2*c. Calculate the remainder when c is divided by 10.
8
Let u(y) = 1. Let g(l) = -l + 8. Let o(s) = g(s) - 6*u(s). Calculate the remainder when o(-8) is divided by 3.
1
Suppose 3*t = 5*t - 4*i + 12, 45 = 5*t + 5*i. Calculate the remainder when 4192/80 + t/(-10) is divided by 18.
16
Let a(r) = -r**3 - 4*r**2 - r + 2. Let u be a(-5). Suppose -u = 4*q - 8*q. Let y(w) = w**3 + w**2 + w + 1. Calculate the remainder when y(2) is divided by q.
7
Let n = -23 + 31. Suppose 32 = -0*l + 4*l. Suppose -2*w - 5*y + 16 = 0, 2*w + 2*w - 2*y - l = 0. What is the remainder when n is divided by w?
2
Suppose h - 280 = -3*h. What is the remainder when h is divided by (7 - 2 - 6)/(2/(-48))?
22
Calculate the remainder when 46 is divided by (6 + 18)*2/4.
10
Suppose 32*k = -3*g + 34*k + 27, 5*g = 4*k + 45. Suppose -v - v = -12. What is the remainder when g is divided by v?
3
Suppose -5*q - 9 + 144 = 0. Let f = q + -18. Suppose -4*c = -25 - 79. What is the remainder when c is divided by f?
8
Let q be 4/(-3)*(-6)/4. Suppose w - 4*f = f - 5, -16 = -4*w + q*f. What is the remainder when w is divided by 3?
2
Suppose -d = 4*x, 15 = 3*d - x - 2*x. What is the remainder when 7 is divided by d?
3
Let k = 112 + -322. Calculate the remainder when (-1)/(-4) - k/56 is divided by 2.
0
Calculate the remainder when 15 is divided by 2/(-2) + 3 - (34 - 39).
1
Let d = 70 - 51. Calculate the remainder when 112 is divided by d.
17
Let v(p) = p + 15. Let x be v(-10). Suppose -x*n = 2*w - 54, -w = w + 6. Calculate the remainder when 23 is divided by n.
11
Suppose -101 = -4*h - 5*s, 104 = 4*h + 2*s + 2*s. What is the remainder when 57 is divided by h?
28
Let g be (-2)/2 - (-8 - -5). Suppose -g*o + 7 = -9. Calculate the remainder when 22 is divided by o.
6
Suppose 5*f - 25 = 10. Suppose 10 = -f*n + 8*n. Calculate the remainder when 49 is divided by n.
9
Suppose -5*d - v - 3*v = 179, -5*v = 2*d + 75. Let w = 49 + d. Calculate the remainder when 40 is divided by w.
12
Let o = 17 - 7. Suppose -5*i + 4 = -2*f - 21, -2*i - f = -o. Calculate the remainder when 13 is divided by i.
3
Let y(g) = 2*g - 9. Calculate the remainder when 12 is divided by y(8).
5
Let r(w) = 16*w**3 - 3*w + 4. Calculate the remainder when 44 is divided by r(1).
10
Suppose 0 = -3*y + 2*y + 41. Calculate the remainder when y is divided by (-2)/(-8) - (-110)/8.
13
Suppose 0*m = -3*m + 555. Suppose -3*t - 26 = -m. What is the remainder when t is divided by 14?
11
Let l(y) = -y**3 + 2*y**2 + 2*y + 1. Let p be l(-1). Suppose p*i - 20 = 14. What is the remainder when 67 is divided by i?
16
Suppose -3*n - 4 = -94. What is the remainder when n is divided by 8?
6
Suppose c + 14 = -26. Calculate the remainder when 53 is divided by (-8)/c + 138/10.
11
Let z = 5 - 8. What is the remainder when (34/(-4))/(z/6) is divided by 6?
5
Let j = 69 + -57. What is the remainder when j is divided by 3?
0
Suppose 3*p + o - 189 = 2, -3*p + 190 = 2*o. Suppose -5*j - 9 = -p. Calculate the remainder when j is divided by 6.
5
Let z = -15 - -28. What is the remainder when 49 is divided by z?
10
What is the remainder when 10 is divided by (-3)/6 + (-33)/(-6)?
0
Let y(n) = 17*n**3 + 2*n**2 - 1. Let f be y(1). Suppose -f = -t + 4*t. Let c(h) = h**3 + 8*h**2 + 3*h + 4. What is the remainder when c(t) is divided by 20?
18
Let i be (2 - 0) + 0/2. Suppose -m = -i*m + 2. Calculate the remainder when (-79)/(-2) - (-1)/m is divided by 14.
12
Suppose 3*v + 1068 = -v. Let b be v/18 - (-2)/(-12). Let k = b - -27. What is the remainder when 35 is divided by k?
11
Let m(v) = -v**2 + 10*v + 14. Let i be m(10). Let f = -1 + i. Let r(j) = j**3 - 3*j**2 - j - 4. Calculate the remainder when f is divided by r(4).
5
Suppose -3*f = -f + 24. What is the remainder when 55 is divided by ((-4)/f)/(2/114)?
17
Suppose -2*s + 4*u = 3*s - 483, -5*s - 4*u + 507 = 0. What is the remainder when s is divided by 20?
19
Let q = 155 + -86. Let n = q + -40. What is the remainder when n is divided by 16?
13
Let p(o) = 4*o - 5. Let x(b) = b**3 - 4*b**2 - 5*b + 9. Calculate the remainder when p(5) is divided by x(5).
6
Let a = 43 + -2. Suppose 3*k - 7 = 4*r, 2*r - 19 = -4*k + k. Suppose -2*d - k*j = -a